What is c(t)?
5
Let g(n) = -n**3 + 4*n**2 - n - 3. Let q = -16 - -19. Let k be g(q). Let j(s) = s**2 + 1. Give j(k).
10
Let n(x) = -12*x**2 - x**3 + 8 - 12*x - 26 + 12. Give n(-11).
5
Let z(w) = -w - 3. Let q be z(-3). Let o(b) = q + 9 + b**2 - 5*b - 4. Calculate o(4).
1
Let x(a) = a + a**2 + 0 - 6*a**3 + 0. Let t = 51 + -21. Let r = -31 + t. Give x(r).
6
Let t = -6 + 10. Suppose 2*f + y - t = 4, f - 1 = y. Let o(c) = 0 - 3*c - f + 0*c + c**2. Calculate o(4).
1
Suppose -l - 5 = 2*q, 6*l - l = -5*q - 15. Let b(f) = 14*f + 1. What is b(l)?
-13
Let q = 574 + -575. Let s(k) = k**3 - 3*k**2 + 2*k. Let h be s(2). Let y(p) = h*p**2 - 2*p - 1 - 3*p**2 - 8*p**3 + p**2. Determine y(q).
7
Let c be (3 + 1)*(-10)/(-20). Let z(t) = 4*t**3 - 17*t**2 + 21*t. Let q(u) = -u**3 + 4*u**2 - 5*u. Let o(m) = c*z(m) + 9*q(m). Let i = 4 - 2. Determine o(i).
-6
Let a(u) be the third derivative of 1/24*u**4 + 0 + 5/6*u**3 + 0*u + 6*u**2. Give a(5).
10
Let u be (-2 - 0)/((-4)/6). Let w(f) be the first derivative of 7*f + 1 - 1/2*f**2. Determine w(u).
4
Let s(m) = -5*m**3 + 2*m**3 - 2*m + 2*m**2 + 2*m**3 + 0*m**2 + 2. Calculate s(3).
-13
Let q(a) = -2*a + 2. Let p be q(2). Let m = 6 - 4. Let z(i) = -m*i - 1 - 1 - i**2 - 1. Calculate z(p).
-3
Let d(q) = -4 + q - 5 - 1 + 0. Calculate d(8).
-2
Let y(b) = -b - 4. Suppose -2*h - 3*u - 36 = 2*h, -2*h - 8 = -u. Let n = h - -9. Give y(n).
-7
Let g(p) = p**2 - 10*p + 10. Let h = -17 - -26. What is g(h)?
1
Let p(j) be the third derivative of -j**5/60 + j**4/6 - 5*j**3/6 - 8*j**2. What is p(4)?
-5
Let c(x) = -x**2 - 4*x + 4. Let v be (-3)/((-3)/1) - 5. Determine c(v).
4
Let b(h) = -h**3 - 4*h**2 + 8*h. Let j(v) = -6*v**2 - 40*v + 8. Let t be j(-7). Give b(t).
24
Let x(d) = d**2 - 4*d - 4. Let u = 60 + -35. Suppose 0 = 5*o - u - 10. Let l = o + -4. What is x(l)?
-7
Let o(a) be the third derivative of a**5/60 - 5*a**4/24 - 2*a**3/3 - 8*a**2. Calculate o(5).
-4
Let g(v) = 3*v**3 + 2*v**2 + v. Let w = 4 - 5. Let r be g(w). Let c(f) = -f**3 - f**2 - 2*f - 1. Calculate c(r).
7
Let g(w) = 6*w**2 + 25*w - 1. Let u(z) = 2*z**2 + 8*z. Let q(h) = 2*g(h) - 7*u(h). What is q(-4)?
-10
Let w(j) = 2*j**3 - 17*j**2 + 6*j + 7. Let g(s) = -s**3 + 8*s**2 - 3*s - 3. Let y(o) = 9*g(o) + 4*w(o). Suppose 15 = 7*h + 1. Calculate y(h).
3
Suppose -4*w - 5*s + 37 = 0, -2*s = 6*w - 2*w - 22. Suppose -w*a + 20 = 2*a. Suppose -a*d + 1 = 9. Let i(k) = 6*k + 3. Determine i(d).
-9
Let p = 34 - 36. Let l(h) be the first derivative of -h**4/4 - h**3/3 + h**2 + h + 1. Give l(p).
1
Let k(c) = 4*c**2 + c**3 - 3*c + c + 0*c**3 - 5. Let g(z) = -z**3 + 2*z**2 + 2*z - 1. Let j be g(3). Determine k(j).
3
Let d(c) = -c**3 + 0*c**2 + 2*c**2 - 3*c**3 + 3*c**3. Let v(z) = -z**3 + 4*z**2 - 4*z + 3. Let q be v(2). Suppose -3*n + 0*n = -q. What is d(n)?
1
Let j(m) = -11*m**2 - 13*m - 11. Let c(f) = -5*f**2 - 6*f - 5. Let y(s) = -13*c(s) + 6*j(s). Let w be 4/(-14) - 18/(-14). Let t = 0 - w. Calculate y(t).
-2
Let r(l) = l**3 + 4*l**2 + 4*l + 4. Let z be r(-3). Suppose 0 = -2*o + z - 3. Let p(c) = 3*c**2 - 2*c - 1. Determine p(o).
4
Let q(i) be the first derivative of i**2/2 - 11*i + 11. Give q(6).
-5
Let b(v) be the second derivative of v**3/6 + 5*v**2/2 + 2*v. Let j = -6 + 0. Determine b(j).
-1
Suppose 0 = 4*z - 2*o - 20, 0*z - 2*z + 20 = 4*o. Let l(g) = g. What is l(z)?
6
Suppose 2*z - 2*x - 2 = 0, -4*x + 3*x = -3. Let s be z/16 - 14/(-8). Let b(n) = -2*n**2 - 2. Calculate b(s).
-10
Let y be (2 - (-33 + 1))/2. Suppose -y = -2*k - 5. Let d(g) = -g**3 + 6*g**2 + 2. Give d(k).
2
Let h(f) = 5*f**2 + f - f**3 + 2*f + 0*f**3 + 2*f. Determine h(6).
-6
Let w(k) = k**2 - k. Let j(i) = -5*i**2 + 6*i - 1. Let q(l) = -2*j(l) - 11*w(l). Suppose g + 4*m + 14 = -2*g, -4*g = 2*m + 2. Let x = g + -4. Give q(x).
0
Let h(c) be the third derivative of c**6/60 + c**5/15 - c**4/24 - c**3/3 - 16*c**2. Determine h(-3).
-17
Let v(r) = 2*r**3 + 3*r. Let b(t) = t**3 + t**2 + 2*t + 1. Let m(x) = 3*b(x) - 2*v(x). Suppose 2*d = -9 + 1, 4*h - 4*d - 28 = 0. Determine m(h).
3
Let w(x) = 7*x**2 - 3 + x**3 + 1 + 11*x**2 - 20*x**2 - 3*x. Calculate w(3).
-2
Let g(d) = -3*d**3 + 2*d**2 - 2*d + 2. Let v be g(2). Let m = -13 - v. Let z(s) be the first derivative of s**3/3 - 5*s**2/2 + 7*s - 1. Determine z(m).
7
Let y(p) be the second derivative of -p**8/6720 + p**7/504 - p**6/720 + 7*p**5/120 - p**4/6 + p. Let r(d) be the third derivative of y(d). What is r(5)?
2
Suppose x + 2*m - 14 = -m, 0 = -2*x + 2*m - 4. Let r be (-96)/(-15) + x/(-5). Let t(s) = -2 + 4 + 0 + 2*s - r*s. What is t(2)?
-6
Suppose -18 = -5*w + 12. Suppose 3 = -y, -4*s = 5*y + 13 - w. Let o(h) = -2*h**2 + 2*h + 2. Determine o(s).
-2
Let w(c) = 2*c + 2. Let o(p) = -p**3 + 4*p**2 - 3*p. Suppose -n + 6 = 3*n + s, 2*n - 10 = 3*s. Let l be o(n). Calculate w(l).
6
Let n = -4 + 8. Let r(c) = -4 - 6 + n + 4 - 4*c. Give r(-2).
6
Let t(a) = -3*a + 1. Let x be t(-1). Let z(s) = 6*s - 2. Let i(o) = -7*o + 3. Let l(q) = x*z(q) + 3*i(q). Determine l(4).
13
Let o(c) be the third derivative of -c**6/720 + c**5/120 - c**4/24 + c**2. Let x(n) be the second derivative of o(n). Determine x(5).
-4
Let p(z) be the first derivative of z**3/3 + 7*z**2/2 + 8*z + 15. Calculate p(-6).
2
Let f(m) = -6*m + 13. Let c(b) = b - 1. Let y(s) = -5*c(s) - f(s). Let w(k) = k**3 - 3*k**2 - 4*k + 6. Let v be w(4). Determine y(v).
-2
Suppose -3*m + 47 = 8. Let o(w) = 15*w**3 + 21*w**2 - 6*w - 2. Let h(p) = 7*p**3 + 10*p**2 - 3*p - 1. Let d(t) = m*h(t) - 6*o(t). Calculate d(-4).
11
Let o(c) = -8*c**2 - 1. Let s(r) = 2*r - 5. Let i be s(3). Calculate o(i).
-9
Let n(f) = f**2 - 4*f - 1. Let h = 2 + -3. Let v = h - 2. Let j = -1 - v. Determine n(j).
-5
Let a(h) = -h**3 + 8*h**2 + h - 9. Let m be a(8). Let f(t) be the second derivative of -t**5/5 - t. What is f(m)?
4
Suppose 0*m = -2*m + 6. Let h(l) = -l - 1. Let a(v) = -2*v - 11. Let n(y) = a(y) - 6*h(y). Let w(k) = 3*k - 4. Let s(u) = m*w(u) - 2*n(u). Give s(-4).
-6
Let w(o) = o**3 - o**2 + 8. Suppose -3*h - 10 + 4 = 0. Let x be 0*(-3)/12*h. Determine w(x).
8
Let v be -1*(-26)/(-2) - 3. Let n = v + 24. Let j(d) = -d**3 + 7*d**2 + 7*d + 9. Give j(n).
1
Suppose -4*a + 22 = 62. Let l = a + 11. Let v(d) = 2*d + 1. Determine v(l).
3
Let p(f) = 29*f**2 + 10 - 22*f**2 + 16*f - 2. Let x(a) = -3*a**2 - 8*a - 4. Let g(h) = 2*p(h) + 5*x(h). Give g(-6).
8
Let m(f) = f**3 + 8*f - 4*f**2 - 7 + 4*f**2 - 6*f**2. Suppose -3*u - 3 = -18. Determine m(u).
8
Let a(o) = -o**3 + 5*o**2 - 4*o + 3. Let s = 74 + -71. Give a(s).
9
Let d(g) = 5*g + 8. Let l(c) = -c**3 - 2*c**2 + 2. Let n be l(-2). Let u(b) = b + 2. Let f(w) = n*d(w) - 9*u(w). Determine f(4).
2
Suppose -2*u - u - 12 = 0. Let g(v) = 2*v + 2. Calculate g(u).
-6
Let o(p) = p**3 + 5*p**2 - p - 1. Let t be 10/(-4)*(0 + 2). Let d = 0 + t. Give o(d).
4
Let v be (-30)/45*(-6)/(-4). Let m(k) = -9*k**3 + k**2. What is m(v)?
10
Let k(u) = u**3 - 3*u - 2. Suppose 3*h + 10 = -2*h. What is k(h)?
-4
Suppose 0 = -6*q + q - 5, 5*i - 2*q - 7 = 0. Let l = 0 - 0. Let j(y) = 2*y - 3*y + l*y - y**2. Give j(i).
-2
Let y(d) = -d**3 + 6*d**2 - 2*d + 8. Let u be 2/(3 - (-28)/(-6) - -2). What is y(u)?
-4
Let l(a) = -a**2 - 10*a - 12. Let r be l(-9). Let g(s) = -s**3 - s**2 + 3*s - 2. Give g(r).
7
Let m(b) be the second derivative of b**5/20 - b**4/2 + b**3/3 + 3*b**2/2 + 10*b. What is m(5)?
-12
Suppose 3*x = -3*n, -4*n = 2*x - 0*x + 10. Let r(v) = v + 1. Let o(s) = -2*s - 1. Let w(q) = -4*o(q) - 9*r(q). Give w(n).
0
Let n(f) = f**2 + 10*f. Let x be n(-10). Let d(t) = -t + 10. What is d(x)?
10
Let b(g) = -g**3 + 15*g**2 + g - 16. Let r(k) = k**3 + 7*k**2 - k + 8. Let i be r(-7). What is b(i)?
-1
Let s(d) be the third derivative of -d**5/120 - d**4/24 - 2*d**3/3 + 2*d**2. Let b(t) be the first derivative of s(t). Calculate b(2).
-3
Let i(z) = z - 16. Let u(n) = -1. Let m(h) = -i(h) + 6*u(h). What is m(7)?
3
Let p(t) = -t - 11. Let m(b) = b + 10. Let y(k) = -3*m(k) - 2*p(k). Give y(0).
-8
Let i(v) = -2*v. Suppose 41 = 11*l + 8. Calculate i(l).
-6
Suppose -19 = 5*k + 6. Let l(o) = 2*o + 4. What is l(k)?
-6
Let f(r) = 3 - 4 + r + r**2 - 3*r**3 - 5*r**3 + 2*r**3. Determine f(1).
-5
Let l be (3 + 3)*(-2)/(-4). Suppose -l*b = b. Let f(a) = 3*a + a + 4 - 5*a + b*a. What is f(4)?
0
Let v(t) = -t**3 + 5*t**2 - 4*t - 9. Let b(f) = -f - 1. Le